ided by f?
6
Let g(p) = 2*p**2 + 4*p + 2. Let d(o) = o + 6. Let z(x) = -9*x**2 + 2*x - 2. Let l be z(1). Let q be d(l). What is the remainder when 37 is divided by g(q)?
5
Suppose -2*j + 22 = -3*r, -1 = j + r - 7. Let l = j - -23. Suppose 552 = 5*g + g. What is the remainder when g is divided by l?
30
Suppose 1193*i - 4680 = 1181*i. What is the remainder when i is divided by 36?
30
Let y = -57 + 13. Let w be (-33)/(-27) + 1 + y/36. Suppose -2*x = w - 21. Calculate the remainder when 96 is divided by x.
6
Let h(a) = 5*a**2 + 18*a - 1. Let n(b) = -1 - 4 + 12*b + 4 + 0*b**2 + 3*b**2. Let o(f) = 5*h(f) - 8*n(f). What is the remainder when 57 is divided by o(9)?
27
Suppose 0 = -3*u - 0*u + 60. What is the remainder when u is divided by (20 - -16)/(2 + 1)?
8
Suppose 81*f - 72*f = 126. Calculate the remainder when 3190 is divided by f.
12
Let z(t) = t**3 + 7*t**2 - 7*t - 14. Let m be z(-6). Suppose 0 = 5*j - 129 + m. Calculate the remainder when 51 is divided by j.
12
Let y(j) = -4*j + 2*j + 3*j + 9 - 5*j. Let g be y(9). Let r = -19 - g. Calculate the remainder when 28 is divided by r.
4
Let x(c) = c**3 - 3*c**2 - 760*c - 139. Calculate the remainder when 1620 is divided by x(-26).
5
Suppose -20*d + 68*d - 842 = 2038. Calculate the remainder when d is divided by 4 + 9*(-2)/(-6).
4
Let g(k) = -k + 16. Let j be g(-5). Let d = 25 - j. Suppose -2*h - 2*v = -v - 187, 0 = 2*h - d*v - 192. Calculate the remainder when h is divided by 24.
22
Let p(w) = -w**3 + 5*w**2 - 4*w - 16. Let j be p(4). Calculate the remainder when 63 is divided by ((-4)/j)/((-2)/(-52))*2.
11
Suppose -z - 82 = -2*z. Let o(v) = -4*v - 9 - 2480*v**2 + 0*v**3 + 2488*v**2 - v**3. What is the remainder when z is divided by o(7)?
10
Let r = 610 - 597. Let i = 223 - 127. Suppose -r*w + 17*w = i. What is the remainder when 93 is divided by w?
21
Let x be (-12)/(-102) - (-729)/17. Suppose 2*f = z - 26, 4*f - 4*z + 13 = -x. What is the remainder when 29 is divided by 1746/108 - (-2)/f?
13
Let z = -18126 - -18405. What is the remainder when z is divided by 143?
136
Suppose -6*q + 7 + 11 = 0. Suppose -2*y = -3*s + 207, 0 = -s - 2*s - q*y + 192. Suppose 140 = -62*f + s*f. What is the remainder when f is divided by 6?
4
Let w be (-19 + -4)/(1/(-3)). Suppose -4*p - w = -x + p, 138 = 2*x - 3*p. Let g(a) = -a + 8. Calculate the remainder when x is divided by g(-17).
19
Let k = 5226 + -5133. What is the remainder when 245 is divided by k?
59
Suppose 332 = 80*z - 1188. Let y(q) = 14*q**2 - 3*q + 3. Calculate the remainder when y(2) is divided by z.
15
Let n = -7 - -12. Suppose 2*m + n*b = -0*m - 21, -3*m - 4*b - 14 = 0. Suppose 0 = -m*t - 46 + 222. Calculate the remainder when t is divided by 18.
16
Suppose -3*h + a = -2*a - 234, 204*a = 200*a. What is the remainder when 688 is divided by h?
64
Suppose 4*k - 2*b + 180 = 0, 3*k - 4*b = -84 - 56. Let o = -41 - k. Suppose o*r = 32 - 17. What is the remainder when 12 is divided by r?
2
Let k(a) = 116*a + 5204. Calculate the remainder when k(-43) is divided by 3.
0
Suppose 46 = 17*n - 2045. Suppose 0 = z - 3*x + 6*x - 39, 3*x = 5*z - n. What is the remainder when 78 is divided by z?
24
What is the remainder when 515 is divided by (-1872)/(-260) - 4/(-5)?
3
Let m(b) = -2*b**3 - 18*b - 3. Calculate the remainder when 585 is divided by m(-2).
46
Suppose -8 + 72 = 32*g. Suppose 174 = -g*w - 3*n + 486, -2*n = -2*w + 292. What is the remainder when w is divided by 12?
6
Suppose -4*g - 12 = 0, 2*s - 4*s - g = -285. What is the remainder when 44 is divided by s/6 + (3 - 1)?
18
Suppose -7*r = 82 - 19. Calculate the remainder when 45 is divided by (r/(-1))/(36/60).
0
Let j(r) = -279*r**2 + 559*r**2 - 278*r**2 + 97 + 13*r. Calculate the remainder when j(-13) is divided by 89.
88
Let a(j) = -j**2 - 9*j + 46. Let q be a(-11). Suppose 28*v - q*v = 236. Calculate the remainder when v is divided by 12.
11
Suppose -5*v - 28*w + 30*w + 105 = 0, 2*v - 4*w - 58 = 0. Calculate the remainder when 4385 is divided by v.
15
Let v(y) = -9*y + 6. Let n(f) = 1. Let d(b) = -5*n(b) - v(b). Let r be d(4). Let q = r - -7. What is the remainder when 60 is divided by q?
28
Calculate the remainder when 1627 is divided by 34/16524*111753 - (-2)/36.
17
Suppose 1 = 10*l + 41. What is the remainder when 206 is divided by l/(-46) - (-21208)/506?
38
Let q(s) = 32941*s - 230511. Let f(l) = 60*l - 2. Calculate the remainder when f(3) is divided by q(7).
26
Suppose 5*a - 8*a = -4*z + 31, -5*a + 55 = 4*z. Let w = 2 + z. What is the remainder when 27 is divided by w?
3
Suppose u = -3, 22*j + 5*u + 151 = 26*j. Calculate the remainder when 126 is divided by j.
24
Suppose 88*l + 58*l - 51*l - 39805 = 0. What is the remainder when l is divided by 14?
13
Let r(d) = 47*d + 1254. What is the remainder when r(-17) is divided by 56?
7
Suppose -5*t = -2*u - 3306 + 4, -4*t + 2636 = -3*u. Let j = t - 433. Let b = j - 51. What is the remainder when b is divided by 15?
13
Let h(q) = 3*q**2 + 7*q - 2. Calculate the remainder when -2 + 2565/(-30)*4/(-3) is divided by h(-5).
36
Let i(n) = n**3 - 8*n**2 + 7*n - 12. Let j be 5 + (-3 - (-4 + 5)). Let b(c) = 10*c**2 - 4*c + 6. Calculate the remainder when i(8) is divided by b(j).
8
Suppose 2*s - 123 = 5*p, -91*s + 141 = -87*s + 11*p. Calculate the remainder when 152 is divided by s.
5
Let y(r) = -241*r - 688. Calculate the remainder when y(-7) is divided by 328.
15
Suppose -a - 44 = -5*a. Calculate the remainder when 3/(-21) + (450/14 - 3) is divided by a.
7
Suppose 7*f + 37 = 163. Suppose -4*c + 6*y - 3*y + 987 = 0, -4*c = -5*y - 981. What is the remainder when c is divided by f?
15
Let a(w) = 2*w**2 - 3*w - 3. Let i = 282 - 284. What is the remainder when 31 is divided by a(i)?
9
Suppose 4*q = 15 + 1. Let x(m) = -m**3 - 4*m**2 + 8*m - 16. Let b be x(-6). What is the remainder when 11/((-220)/(-128)) + b/(-20) is divided by q?
2
Suppose -3*z + 151 = 2*p, -72*z + 68*z + 20 = 0. Calculate the remainder when 108 is divided by p.
40
Let f be ((-76)/133)/(4/(-1106)). Let s = f + -38. Calculate the remainder when s is divided by 18.
12
Suppose c - 12 + 2 = 0. Let p(g) = -g**3 - 10*g**2 - 22*g - 9. Let s be p(-9). Suppose 53*q = 50*q + s. Calculate the remainder when q is divided by c.
6
Let i = -151 - -156. What is the remainder when (-228)/8*(i/3 + -3) is divided by 10?
8
Suppose 0 = -367*l + 389*l - 1694. Calculate the remainder when 68221 is divided by l.
76
Let v = 47 + -44. Suppose 5*w = -v*d - 307, 0 = -6*w + 3*w + d - 173. Let f = w + 124. What is the remainder when f is divided by 17?
14
Suppose 33 = -3*h - x + 2*x, -9 = 2*h - 5*x. Let u be (-4)/h - 4/(-6). What is the remainder when 15 is divided by (8 - u)*(2/(-1))/(-2)?
1
Suppose 69 = -18*l + 21*l. Let a(n) = n**3 - 20*n**2 + 36*n + 5. Let v be a(18). Let p(g) = 2*g**2 + 3*g - 7. What is the remainder when p(v) is divided by l?
12
Suppose -n = -5*j + 12764, -j - 9*n + 2548 = -14*n. What is the remainder when j is divided by 36?
33
Let v(g) = 2*g**2 + 9*g - 11. Suppose -x + 2 = -u, -u - 5*x = 6 + 20. What is the remainder when 36 is divided by v(u)?
1
Suppose -3*l = -g - 617, -8 = 4*g - 0*g. Suppose 0 = 77*a + 84*a - 7567. What is the remainder when l is divided by a?
17
Calculate the remainder when ((-19)/(-76))/(((-20)/(-5))/8432) is divided by 135.
122
Let c = 555 + -363. Suppose c = 9*g + 3*g. Calculate the remainder when 78 is divided by g.
14
Let o(m) = 935*m + 13635. Calculate the remainder when o(-8) is divided by 24.
11
Let s(r) = r**3 - 53*r**2 + 167*r + 107. What is the remainder when 1924 is divided by s(50)?
10
Suppose -4*r = 3*w - 1093, -2*w - 64 = -r + 223. Calculate the remainder when r is divided by 5.
2
Let a be -40 - -43 - 1*-167. Suppose -5*h + 0*t = -5*t - a, -102 = -3*h + 5*t. What is the remainder when h is divided by 9?
7
Let y(v) = -4*v - 2. Let b be y(-11). Let w = b + -38. Suppose -g + w*k = -5*g + 140, k = -5*g + 175. Calculate the remainder when g is divided by 9.
8
Let i(a) = 4*a**3 - 3*a**2 + 14*a - 21. Let r be i(2). Suppose -24*n - 132 = -r*n. What is the remainder when 481 is divided by n?
41
Suppose 243 = 7*l - 555. Suppose -119*o + l*o = -1520. Suppose 5*s - 13*s = -o. What is the remainder when 189 is divided by s?
37
Suppose 42 = 4*y - 38. What is the remainder when y is divid